{"id":354,"date":"2025-01-31T23:23:29","date_gmt":"2025-01-31T22:23:29","guid":{"rendered":"https:\/\/www.jetricotetutricotes.ch\/?page_id=354"},"modified":"2026-04-10T11:54:47","modified_gmt":"2026-04-10T09:54:47","slug":"les-ateliers","status":"publish","type":"page","link":"https:\/\/www.jetricotetutricotes.ch\/index.php\/les-ateliers\/","title":{"rendered":"Les Ateliers"},"content":{"rendered":"\n\n\n\n\n\n\n\n\n<div class=\"wp-block-group has-border-color is-content-justification-center is-nowrap is-layout-flex wp-container-core-group-is-layout-3c544918 wp-block-group-is-layout-flex\" style=\"border-color:#f17020;border-style:dotted;border-width:2px;border-radius:7px;padding-top:var(--wp--preset--spacing--20);padding-right:var(--wp--preset--spacing--30);padding-bottom:var(--wp--preset--spacing--20);padding-left:var(--wp--preset--spacing--30)\">\n<div class=\"wp-block-group is-vertical is-content-justification-center is-layout-flex wp-container-core-group-is-layout-c9ee0c5a wp-block-group-is-layout-flex\">\n<p class=\"has-text-align-center has-tertiary-color has-text-color has-link-color wp-elements-db8143fc00257b81f51c07604af68aca\" style=\"margin-bottom:0;font-size:1.2rem\"><strong><a href=\"https:\/\/www.jetricotetutricotes.ch\/index.php\/atelier-tricot-circulaire\/\" data-type=\"page\" data-id=\"656\">Tricoter en circulaire : <\/a><\/strong><\/p>\n\n\n\n<p class=\"has-text-align-center has-tertiary-color has-text-color has-link-color wp-elements-95de87d2cce441fe40a662f42e919d77\" style=\"margin-top:0;padding-top:0;padding-bottom:0;font-size:1.2rem\"><strong><a href=\"https:\/\/www.jetricotetutricotes.ch\/index.php\/atelier-tricot-circulaire\/\" data-type=\"page\" data-id=\"656\">Pull Top-down<\/a><\/strong><\/p>\n\n\n\n<p><strong>Samedi 11 Avril<\/strong> 13h30 \u00e0 17h30<\/p>\n<\/div>\n<\/div>\n\n\n\n<figure class=\"wp-block-image aligncenter size-large is-resized\"><img loading=\"lazy\" decoding=\"async\" width=\"768\" height=\"1024\" src=\"https:\/\/www.jetricotetutricotes.ch\/wp-content\/uploads\/2026\/01\/IMG_5559-768x1024.jpeg\" alt=\"\" class=\"wp-image-1645\" style=\"aspect-ratio:1;object-fit:cover;width:120px\" srcset=\"https:\/\/www.jetricotetutricotes.ch\/wp-content\/uploads\/2026\/01\/IMG_5559-768x1024.jpeg 768w, https:\/\/www.jetricotetutricotes.ch\/wp-content\/uploads\/2026\/01\/IMG_5559-225x300.jpeg 225w, https:\/\/www.jetricotetutricotes.ch\/wp-content\/uploads\/2026\/01\/IMG_5559-1152x1536.jpeg 1152w, https:\/\/www.jetricotetutricotes.ch\/wp-content\/uploads\/2026\/01\/IMG_5559-1536x2048.jpeg 1536w, https:\/\/www.jetricotetutricotes.ch\/wp-content\/uploads\/2026\/01\/IMG_5559-scaled.jpeg 1920w\" sizes=\"auto, (max-width: 768px) 100vw, 768px\" \/><\/figure>\n\n\n\n<div class=\"wp-block-group has-border-color is-content-justification-center is-nowrap is-layout-flex wp-container-core-group-is-layout-3c544918 wp-block-group-is-layout-flex\" style=\"border-color:#f17020;border-style:dotted;border-width:2px;border-radius:7px;padding-top:var(--wp--preset--spacing--20);padding-right:var(--wp--preset--spacing--30);padding-bottom:var(--wp--preset--spacing--20);padding-left:var(--wp--preset--spacing--30)\">\n<div class=\"wp-block-group is-vertical is-content-justification-center is-layout-flex wp-container-core-group-is-layout-c9ee0c5a wp-block-group-is-layout-flex\">\n<p class=\"has-text-align-center has-tertiary-color has-text-color has-link-color wp-elements-9bda5d832b8ae1dc445c313692ab0c60\" style=\"font-size:1.2rem\"><strong><a href=\"https:\/\/www.jetricotetutricotes.ch\/index.php\/atelier-parent-enfant\/\" data-type=\"page\" data-id=\"1329\">Atelier Parent-Enfant<\/a><\/strong><\/p>\n\n\n\n<p class=\"has-text-align-center\"><strong>Samedi 18 Avril <\/strong>14h00 \u00e0 16h00<\/p>\n<\/div>\n<\/div>\n\n\n\n<figure class=\"wp-block-image aligncenter size-large is-resized\"><img loading=\"lazy\" decoding=\"async\" width=\"1024\" height=\"1024\" src=\"https:\/\/www.jetricotetutricotes.ch\/wp-content\/uploads\/2026\/01\/8863ead8-99e4-4dcb-b62b-248d9e983de6-1024x1024.jpg\" alt=\"\" class=\"wp-image-1649\" style=\"aspect-ratio:1;object-fit:cover;width:120px\" srcset=\"https:\/\/www.jetricotetutricotes.ch\/wp-content\/uploads\/2026\/01\/8863ead8-99e4-4dcb-b62b-248d9e983de6-1024x1024.jpg 1024w, https:\/\/www.jetricotetutricotes.ch\/wp-content\/uploads\/2026\/01\/8863ead8-99e4-4dcb-b62b-248d9e983de6-300x300.jpg 300w, https:\/\/www.jetricotetutricotes.ch\/wp-content\/uploads\/2026\/01\/8863ead8-99e4-4dcb-b62b-248d9e983de6-150x150.jpg 150w, https:\/\/www.jetricotetutricotes.ch\/wp-content\/uploads\/2026\/01\/8863ead8-99e4-4dcb-b62b-248d9e983de6-768x768.jpg 768w, https:\/\/www.jetricotetutricotes.ch\/wp-content\/uploads\/2026\/01\/8863ead8-99e4-4dcb-b62b-248d9e983de6.jpg 1152w\" sizes=\"auto, (max-width: 1024px) 100vw, 1024px\" \/><\/figure>\n\n\n\n<div class=\"wp-block-group has-border-color is-content-justification-center is-nowrap is-layout-flex wp-container-core-group-is-layout-3c544918 wp-block-group-is-layout-flex\" style=\"border-color:#f17020;border-style:dotted;border-width:2px;border-radius:7px;padding-top:var(--wp--preset--spacing--20);padding-right:var(--wp--preset--spacing--30);padding-bottom:var(--wp--preset--spacing--20);padding-left:var(--wp--preset--spacing--30)\">\n<div class=\"wp-block-group is-vertical is-content-justification-center is-layout-flex wp-container-core-group-is-layout-c9ee0c5a wp-block-group-is-layout-flex\">\n<p class=\"has-text-align-center has-tertiary-color has-text-color has-link-color wp-elements-c4b9064bd6dc23e6367e486479d538c0\" style=\"font-size:1.2rem\"><strong><a href=\"https:\/\/www.jetricotetutricotes.ch\/index.php\/atelier-chaussettes\/\" data-type=\"page\" data-id=\"559\">Tricoter des chaussettes<\/a><\/strong><\/p>\n\n\n\n<p><strong>Dimanche 10 Mai <\/strong>13h30 \u00e0 17h30<\/p>\n<\/div>\n<\/div>\n\n\n\n<figure class=\"wp-block-image aligncenter size-large is-resized\"><img loading=\"lazy\" decoding=\"async\" width=\"769\" height=\"1024\" src=\"https:\/\/www.jetricotetutricotes.ch\/wp-content\/uploads\/2025\/02\/IMG_2525-1-769x1024.jpeg\" alt=\"\" class=\"wp-image-543\" style=\"aspect-ratio:1;object-fit:cover;width:120px\" srcset=\"https:\/\/www.jetricotetutricotes.ch\/wp-content\/uploads\/2025\/02\/IMG_2525-1-769x1024.jpeg 769w, https:\/\/www.jetricotetutricotes.ch\/wp-content\/uploads\/2025\/02\/IMG_2525-1-225x300.jpeg 225w, https:\/\/www.jetricotetutricotes.ch\/wp-content\/uploads\/2025\/02\/IMG_2525-1-768x1023.jpeg 768w, https:\/\/www.jetricotetutricotes.ch\/wp-content\/uploads\/2025\/02\/IMG_2525-1-1153x1536.jpeg 1153w, https:\/\/www.jetricotetutricotes.ch\/wp-content\/uploads\/2025\/02\/IMG_2525-1-1537x2048.jpeg 1537w, https:\/\/www.jetricotetutricotes.ch\/wp-content\/uploads\/2025\/02\/IMG_2525-1-scaled.jpeg 1922w\" sizes=\"auto, (max-width: 769px) 100vw, 769px\" \/><\/figure>\n\n\n\n<div class=\"wp-block-group has-border-color is-content-justification-center is-nowrap is-layout-flex wp-container-core-group-is-layout-3c544918 wp-block-group-is-layout-flex\" style=\"border-color:#f17020;border-style:dotted;border-width:2px;border-radius:7px;padding-top:var(--wp--preset--spacing--20);padding-right:var(--wp--preset--spacing--30);padding-bottom:var(--wp--preset--spacing--20);padding-left:var(--wp--preset--spacing--30)\">\n<div class=\"wp-block-group is-vertical is-content-justification-center is-layout-flex wp-container-core-group-is-layout-c9ee0c5a wp-block-group-is-layout-flex\">\n<p class=\"has-text-align-center has-tertiary-color has-text-color has-link-color wp-elements-00152eae3ca2a3776b4ba3e23d622268\" style=\"margin-bottom:0;font-size:1.2rem\"><strong><a href=\"https:\/\/www.jetricotetutricotes.ch\/index.php\/les-ateliers\/atelier-techniques-echantillon-montages-et-rabattages\/\" data-type=\"page\" data-id=\"1730\">Techniques : Echantillon, Montages et Rabattages<\/a><\/strong><\/p>\n\n\n\n<p class=\"has-text-align-center has-tertiary-color has-text-color has-link-color wp-elements-7cbff56f06c3f6b038928aa5e938914a\">Nouvelles dates \u00e0 partir de Septembre 2026<\/p>\n<\/div>\n<\/div>\n\n\n\n<figure class=\"wp-block-image aligncenter size-large is-resized\"><img loading=\"lazy\" decoding=\"async\" width=\"1024\" height=\"1024\" src=\"https:\/\/www.jetricotetutricotes.ch\/wp-content\/uploads\/2026\/01\/IMG_2654-1024x1024.jpeg\" alt=\"\" class=\"wp-image-1648\" style=\"width:120px\" srcset=\"https:\/\/www.jetricotetutricotes.ch\/wp-content\/uploads\/2026\/01\/IMG_2654-1024x1024.jpeg 1024w, https:\/\/www.jetricotetutricotes.ch\/wp-content\/uploads\/2026\/01\/IMG_2654-300x300.jpeg 300w, https:\/\/www.jetricotetutricotes.ch\/wp-content\/uploads\/2026\/01\/IMG_2654-150x150.jpeg 150w, https:\/\/www.jetricotetutricotes.ch\/wp-content\/uploads\/2026\/01\/IMG_2654-768x768.jpeg 768w, https:\/\/www.jetricotetutricotes.ch\/wp-content\/uploads\/2026\/01\/IMG_2654-1536x1536.jpeg 1536w, https:\/\/www.jetricotetutricotes.ch\/wp-content\/uploads\/2026\/01\/IMG_2654-2048x2048.jpeg 2048w\" sizes=\"auto, (max-width: 1024px) 100vw, 1024px\" \/><\/figure>\n\n\n\n<div class=\"wp-block-group has-border-color is-content-justification-center is-nowrap is-layout-flex wp-container-core-group-is-layout-3c544918 wp-block-group-is-layout-flex\" style=\"border-color:#f17020;border-style:dotted;border-width:2px;border-radius:7px;padding-top:var(--wp--preset--spacing--20);padding-right:var(--wp--preset--spacing--30);padding-bottom:var(--wp--preset--spacing--20);padding-left:var(--wp--preset--spacing--30)\">\n<div class=\"wp-block-group is-vertical is-content-justification-center is-layout-flex wp-container-core-group-is-layout-c9ee0c5a wp-block-group-is-layout-flex\">\n<p class=\"has-text-align-center has-tertiary-color has-text-color has-link-color wp-elements-ecebd52a18972a6538e3391de88e8da1\" style=\"font-size:1.2rem\"><strong><a href=\"https:\/\/www.jetricotetutricotes.ch\/index.php\/atelier-debutants\/\" data-type=\"page\" data-id=\"551\">D\u00e9buter au tricot<\/a><\/strong><\/p>\n\n\n\n<p class=\"has-tertiary-color has-text-color has-link-color wp-elements-f005000366b3854958ef9226805094cd\">Nouvelles dates \u00e0 partir de Septembre 2026<\/p>\n<\/div>\n<\/div>\n\n\n\n<figure class=\"wp-block-image aligncenter size-large is-resized\"><img loading=\"lazy\" decoding=\"async\" width=\"1024\" height=\"1024\" src=\"https:\/\/www.jetricotetutricotes.ch\/wp-content\/uploads\/2026\/01\/IMG_4616-1024x1024.jpeg\" alt=\"\" class=\"wp-image-1646\" style=\"aspect-ratio:1;object-fit:cover;width:120px\" srcset=\"https:\/\/www.jetricotetutricotes.ch\/wp-content\/uploads\/2026\/01\/IMG_4616-1024x1024.jpeg 1024w, https:\/\/www.jetricotetutricotes.ch\/wp-content\/uploads\/2026\/01\/IMG_4616-300x300.jpeg 300w, https:\/\/www.jetricotetutricotes.ch\/wp-content\/uploads\/2026\/01\/IMG_4616-150x150.jpeg 150w, https:\/\/www.jetricotetutricotes.ch\/wp-content\/uploads\/2026\/01\/IMG_4616-768x768.jpeg 768w, https:\/\/www.jetricotetutricotes.ch\/wp-content\/uploads\/2026\/01\/IMG_4616-1536x1536.jpeg 1536w, https:\/\/www.jetricotetutricotes.ch\/wp-content\/uploads\/2026\/01\/IMG_4616-2048x2048.jpeg 2048w\" sizes=\"auto, (max-width: 1024px) 100vw, 1024px\" \/><\/figure>\n\n\n\n<div style=\"height:28px\" aria-hidden=\"true\" class=\"wp-block-spacer\"><\/div>\n","protected":false},"excerpt":{"rendered":"<p>Tricoter 2 chaussettes en m\u00eame temps, sur une seule aiguille Jeudis 26 F\u00e9vrier &amp; 12 Mars COMPLET 14h00 \u00e0 16h00 \u00ab\u00a0Jusqu&rsquo;\u00e0 la derni\u00e8re maille\u00a0\u00bb Pull sans manches Vendredis 13 et 20 Mars,3 et 24 Avril 10h-12h30 Tricoter en circulaire : Pull Top-down Samedi 11 Avril 13h30 \u00e0 17h30 Atelier Parent-Enfant Samedi 18 Avril 14h00 \u00e0 [&hellip;]<\/p>\n","protected":false},"author":1,"featured_media":0,"parent":0,"menu_order":0,"comment_status":"closed","ping_status":"closed","template":"","meta":{"advanced_seo_description":"","jetpack_seo_html_title":"","jetpack_seo_noindex":false,"footnotes":""},"class_list":["post-354","page","type-page","status-publish","hentry"],"jetpack_sharing_enabled":true,"_links":{"self":[{"href":"https:\/\/www.jetricotetutricotes.ch\/index.php\/wp-json\/wp\/v2\/pages\/354","targetHints":{"allow":["GET"]}}],"collection":[{"href":"https:\/\/www.jetricotetutricotes.ch\/index.php\/wp-json\/wp\/v2\/pages"}],"about":[{"href":"https:\/\/www.jetricotetutricotes.ch\/index.php\/wp-json\/wp\/v2\/types\/page"}],"author":[{"embeddable":true,"href":"https:\/\/www.jetricotetutricotes.ch\/index.php\/wp-json\/wp\/v2\/users\/1"}],"replies":[{"embeddable":true,"href":"https:\/\/www.jetricotetutricotes.ch\/index.php\/wp-json\/wp\/v2\/comments?post=354"}],"version-history":[{"count":116,"href":"https:\/\/www.jetricotetutricotes.ch\/index.php\/wp-json\/wp\/v2\/pages\/354\/revisions"}],"predecessor-version":[{"id":1836,"href":"https:\/\/www.jetricotetutricotes.ch\/index.php\/wp-json\/wp\/v2\/pages\/354\/revisions\/1836"}],"wp:attachment":[{"href":"https:\/\/www.jetricotetutricotes.ch\/index.php\/wp-json\/wp\/v2\/media?parent=354"}],"curies":[{"name":"wp","href":"https:\/\/api.w.org\/{rel}","templated":true}]}}